4. List the prime factors of t.
3, 7
Let z(m) = -m**2 - 11*m - 18. Suppose -3*c - 79 + 64 = 0. What are the prime factors of z(c)?
2, 3
Let v(o) = 60*o**3 - o**2 - 2*o - 1. Let r be v(-1). Suppose -3*h - 21 = -q, q = 5*h + 11 + 22. List the prime factors of r/8*16/h.
2, 5
Suppose 8*w = 12*w - 2*y - 246, -183 = -3*w + y. What are the prime factors of w?
2, 3, 5
Suppose 0 = v - 4*l - 45, -4*v = -9*v + 3*l + 208. Let t = -22 + v. List the prime factors of t.
19
Suppose t = 627 + 394. What are the prime factors of t?
1021
Suppose 3*o = 9*o - 18. Suppose 3*a = 4*n - 355, -a = -0*a - o. List the prime factors of n.
7, 13
List the prime factors of (-46 + 3328)*(-2)/(-3).
2, 547
Let a = -13 - -16. Suppose -3*f + 115 = 2*p, a*p + 2 = 3*f - 118. What are the prime factors of f?
3, 13
Suppose x = 6*x - 25. Suppose x*d + 6*w - 18 = 4*w, -4 = -w. Suppose 23 = d*y - 3. List the prime factors of y.
13
Let x(b) = 5*b**3 - 2*b**2 + 14*b - 133. List the prime factors of x(7).
2, 7, 113
Let w = -6 + 6. Suppose -p - 2 = -5*h - 1, 3*h + 2*p - 11 = w. Suppose 0 = 4*z - h - 7. List the prime factors of z.
2
Suppose 7*b = 3*b. Suppose 5*g - 23 + 3 = b. List the prime factors of g.
2
Let g(i) = 2*i - 5. Let z be g(3). What are the prime factors of (-2 + z)/(1/(-10))?
2, 5
Suppose 6*u - 4*u = 72. Suppose 2*p - 4*p = 4*f - u, 2*p - 5*f - 27 = 0. What are the prime factors of p?
2
Let g be 1 - (-1 + -1) - 2. Suppose 3*a + 38 = 4*c, c + 1 = -5*a - g. List the prime factors of (-445)/(-20) - 2/c.
2, 11
Suppose 2*r - 22 - 48 = 0. Let i = -20 + r. Suppose i*k - 72 = 11*k. List the prime factors of k.
2, 3
Suppose 0 = -8*j - 2*j + 7030. List the prime factors of j.
19, 37
Suppose 21*v - 10591 = 1085. What are the prime factors of v?
2, 139
Let b be 0/3 - (2 + (5 - 333)). Suppose 1241 = 5*u + b. List the prime factors of u.
3, 61
Let h = 2086 - 1275. What are the prime factors of h?
811
Let a = -1 + 41. Let c be 3/(a/12 + -3). Let h(r) = -r**2 + 9*r + 2. List the prime factors of h(c).
2
What are the prime factors of 12/(-24) + ((-8300)/8)/(-5)?
3, 23
Suppose -q = 5*i - 0*i + 1, 0 = 3*q + 4*i + 3. Let v(s) = 22*s**2 - 3*s - 3. List the prime factors of v(q).
2, 11
Let l(z) = -49*z + 28. Let w be l(-9). Let c = w + -316. List the prime factors of c.
3, 17
Suppose 0 = 3*b - 2*t - 548 - 994, 0 = b + 5*t - 514. What are the prime factors of b/14 + (-5)/(-105)*6?
37
Let c be -1 - (1 - (229 - -3)). Suppose t = 5*v - 302, v + 5*t - c = -3*v. List the prime factors of v.
2, 3, 5
Suppose 5*l + 9 = -3*j - 41, 20 = -2*l - 2*j. Let z = l + 9. Let i(v) = 17*v**2 - v. List the prime factors of i(z).
2, 3
Suppose 0 = -5*d + 9*d - 60. Let i(a) = a**2 - 11*a + 21. What are the prime factors of i(d)?
3
Suppose 14*g - 7836 = -2124. What are the prime factors of g?
2, 3, 17
Suppose -1 = -h + 5*a + 16, -h = 2*a + 4. Suppose -o + h*o = 49. Let i = o + -11. List the prime factors of i.
2, 19
Let j = -6 - -8. What are the prime factors of ((-1615)/(-10) - -2)*j/3?
109
What are the prime factors of ((-17)/(306/(-7506)))/(6/34)?
17, 139
Let b(g) be the third derivative of -g**5/60 - 7*g**4/12 + 4*g**3/3 - 2*g**2. List the prime factors of b(-7).
3, 19
Let h(m) = -m**2 + 4*m + 14. Let k be 2/(-7) - (-220)/35. Let w be h(k). Suppose -u + w*u + 45 = 5*q, -45 = -5*q + 4*u. List the prime factors of q.
3
Let a = -25 - -88. Let s(w) = 5*w**3 + 2*w**2 - w. Let o be s(-2). Let b = a + o. What are the prime factors of b?
3, 11
Suppose 0 = -s + 5*s + 56. What are the prime factors of ((-664)/(-10) - s/(-35)) + -2?
2
Let n = 134 + -125. Suppose -n*m + 42 = -84. What are the prime factors of m?
2, 7
Let b = -19 - -161. List the prime factors of b.
2, 71
Suppose -2*n - 2*n = 0. Let j = -170 + 173. Suppose n = j*m - 169 - 17. What are the prime factors of m?
2, 31
Suppose -2*u = 4*b + 6, b = 3*u - 4*b - 13. Let h = u - -3. Suppose -h*c = -2*c - 5*q + 3, 2*c + 4*q = 42. List the prime factors of c.
11
Let o(u) = -u - 15. Let w be o(-15). Suppose w*i + 3136 = 16*i. What are the prime factors of i?
2, 7
Let z(p) = -6*p - 33. Let o be (-4)/6 - (-480)/(-36). What are the prime factors of z(o)?
3, 17
Suppose 2*t + 1 - 13 = 0. What are the prime factors of 9060/78 - (-5)/((-195)/t)?
2, 29
List the prime factors of (-410)/(-3)*-5*(-9)/15.
2, 5, 41
Let u be -12*((-6)/4)/(-3). Let c(l) = -19*l + 14. Let s be c(u). Suppose 28 = -5*x + s. List the prime factors of x.
2, 5
Suppose 29*h - 23*h = 3150. What are the prime factors of h?
3, 5, 7
Suppose 1640 = 24*c - 29*c. Let p = -197 - c. List the prime factors of p.
131
Suppose 0 = -0*m - 3*m - g + 5, g = 4*m - 16. Suppose -m*b - 14 = d, 9*b - d = 4*b - 10. What are the prime factors of 22 - (-2)/(b + 1)?
3, 7
Let l(b) = b**2 + b + 2. Let t(c) = 4*c**2 - 2*c + 1. Let z be t(1). Suppose -4*y + 19 = -z*n, 0*y - 2 = n + 3*y. What are the prime factors of l(n)?
2, 11
Let q = -79 + 83. Suppose -5*v = -5*b + 570, 465 = q*b + 2*v + 21. What are the prime factors of b?
2, 7
Let t(g) = -6 + 10*g + 2*g**2 - 19*g + 5*g - 4. List the prime factors of t(-8).
2, 3, 5
Let h(w) be the second derivative of -w**5/20 - w**4/12 + w**3/2 + w**2 + 4*w. Let m be h(-2). Suppose m = a - 1 - 45. List the prime factors of a.
2, 23
Suppose -4*s = 3*n + 6, s = 2*n + 2*s - 1. Suppose -4*p + n*q = -10, 4*p = p + 5*q + 25. Suppose p = -2*h + 21 - 9. List the prime factors of h.
2, 3
Let m be 2/8 + 113/(-4). Let v(a) = -a**3 - 3*a**2 + 5. Let r be v(-5). Let z = r + m. What are the prime factors of z?
3
Let f(w) = w**3 + 5*w**2 - 9*w - 8. Let h be f(-6). Suppose -3*s - 14 = h. Let u = -3 - s. What are the prime factors of u?
5
Let g be 43 - (-4 - (-1 + -1)). Suppose -5*m = -j + 45, 3*j + g = -5*m - 2*j. List the prime factors of 28 - (-6)/m*-3.
2, 3, 5
Let q(f) = f**3 + 3*f**2 + f - 3. Let j be q(-3). What are the prime factors of j/(-16) + 10125/72?
3, 47
Let o(r) = 3*r**2 - 9*r + 7. Let c(s) = s**2 + 5*s - 16. Let n be c(-8). List the prime factors of o(n).
127
Let x(m) = -13*m + 119. Let t be x(17). Let y(n) = -11*n - 2. Let h be y(2). What are the prime factors of h/(-40) + t/(-5)?
3, 7
Suppose -3*x + 6 = y, -4*x - 4*y + 8 = -0*y. Let z = x + 2. Suppose 18 + 82 = z*r + 4*f, -3*f = -3*r + 45. What are the prime factors of r?
2, 5
Suppose -2*w + 4*s = -2404, 0 = -0*s - s - 3. List the prime factors of w.
2, 13, 23
Suppose -3*j + k = -14, 6 = 7*j - 3*j + 5*k. Suppose j*r = 3*w + 583, 6*r = r - 3*w + 695. List the prime factors of r.
2, 71
Suppose 41 - 10 = p. Let j = 42 + p. List the prime factors of j.
73
Let q(m) = -m**2 + 3*m + 60. Let k = -29 - -29. List the prime factors of q(k).
2, 3, 5
Suppose 5*m - 461 = 964. What are the prime factors of m?
3, 5, 19
Suppose 8*m - 7*m = 3*t + 506, 0 = m + 4*t - 527. List the prime factors of m.
5, 103
Let i(s) = 32*s**2 + 9*s - 15. What are the prime factors of i(3)?
2, 3, 5
Suppose -20 - 5 = -5*s. Suppose 0 = -s*q + 5*z + 50, -2*q = -5*q - 4*z + 30. List the prime factors of q.
2, 5
Suppose -6*x + 418 + 428 = 0. List the prime factors of x.
3, 47
Let p = -12 + 12. Let h be -1 + (p - -2) + 2. Suppose -u + h = -16. What are the prime factors of u?
19
Suppose 1888 = 4*h - 2*u + 3*u, 5*u = 3*h - 1393. Let z = -238 + h. What are the prime factors of z?
233
Suppose -26*o + 27*o - 2*a = 2417, a - 7286 = -3*o. List the prime factors of o.
3, 809
Let o(u) = -u**3 + 7*u**2 + 13*u - 3. Suppose 0 = 2*y + 3*d - 7, 0 = 3*y + 3*d - 12 - 3. List the prime factors of o(y).
37
What are the prime factors of (12/5)/(34/76075)?
2, 3, 5, 179
What are the prime factors of 36171/90 - (-1)/10?
2, 3, 67
Suppose -3*x + 3*z = -18, -4*x + 6 = 7*z - 2*z. List the prime factors of 1264/x*(-2)/(-8).
79
What are the prime factors of 6/(-45) - (-231682)/165?
2, 3, 13
Let n(b) = 11*b**2 - 17*b + 11. List the prime factors of n(5).
3, 67
Let t(a) = 71*a**2 + 21*a + 3. What are the prime factors of t(-4)?
5, 211
Suppose -1 = z - 6. Let d(u) = -u**3 + 5*u**2 - 4. Let y be d(z). Let k(m) = 4*m**2 + 7*m + 10. List the prime factors of k(y).
2, 23
Suppose -22*a + 7442 = -1116. What are the prime factors of a?
389
Let m = -276 - -138. Let n = 64 + m. Let b = -31 - n. List the prime factors of b.
43
Let w(t) = t**2 - 1. Let i be w(-2). Suppose -i*n + 3 = -6. Suppose -n*f + 109 = 4*j - 2*f, 0 = -j - 3*f + 30